 common divisor of 54058 and 1074.
358
Calculate the greatest common factor of 28 and 868.
28
Calculate the highest common divisor of 481 and 143.
13
Calculate the highest common factor of 8 and 1132.
4
Calculate the greatest common factor of 4 and 1058.
2
Calculate the greatest common divisor of 2491 and 47.
47
What is the greatest common divisor of 846 and 470?
94
Calculate the highest common divisor of 3840 and 512.
256
Calculate the highest common factor of 1407 and 189.
21
Calculate the highest common factor of 36 and 804.
12
Calculate the greatest common divisor of 1350 and 30.
30
Calculate the greatest common divisor of 3420 and 252.
36
What is the highest common divisor of 217 and 18569?
31
What is the greatest common divisor of 4 and 66?
2
Calculate the greatest common factor of 112 and 8.
8
Calculate the highest common divisor of 33 and 66.
33
Calculate the highest common factor of 3 and 317.
1
What is the highest common factor of 42 and 192?
6
Calculate the highest common divisor of 101 and 4141.
101
What is the highest common divisor of 284 and 16?
4
What is the highest common divisor of 19 and 7?
1
Calculate the highest common divisor of 231 and 2233.
77
Calculate the greatest common divisor of 6 and 4224.
6
What is the highest common divisor of 74 and 3404?
74
What is the greatest common divisor of 42 and 112?
14
Calculate the greatest common divisor of 2211 and 33.
33
What is the greatest common divisor of 36 and 234?
18
Calculate the greatest common divisor of 52 and 286.
26
Calculate the highest common divisor of 64 and 100.
4
What is the highest common factor of 33 and 13189?
11
What is the highest common factor of 68 and 850?
34
Calculate the highest common factor of 40 and 520.
40
What is the greatest common divisor of 488 and 1342?
122
Calculate the highest common divisor of 1568 and 728.
56
Calculate the highest common divisor of 324 and 1020.
12
What is the highest common divisor of 392 and 8?
8
What is the greatest common divisor of 97 and 10961?
97
Calculate the greatest common divisor of 567 and 42.
21
What is the highest common divisor of 17 and 17?
17
Calculate the greatest common factor of 98 and 56.
14
What is the highest common factor of 22 and 550?
22
Calculate the greatest common divisor of 196 and 28.
28
Calculate the greatest common factor of 57 and 76.
19
Calculate the highest common divisor of 1053 and 585.
117
Calculate the greatest common divisor of 120 and 105.
15
Calculate the greatest common factor of 4715 and 46.
23
What is the greatest common divisor of 214 and 35738?
214
Calculate the greatest common divisor of 608 and 1748.
76
What is the greatest common divisor of 55 and 176?
11
Calculate the greatest common divisor of 20 and 14.
2
Calculate the greatest common divisor of 42 and 294.
42
What is the greatest common factor of 255 and 51?
51
Calculate the greatest common divisor of 198 and 165.
33
What is the highest common factor of 2299 and 242?
121
What is the greatest common divisor of 102 and 408?
102
Calculate the highest common divisor of 220 and 160.
20
What is the greatest common divisor of 41 and 54407?
41
Calculate the greatest common factor of 675 and 3725.
25
Calculate the highest common factor of 33 and 92334.
33
Calculate the highest common factor of 53 and 32489.
53
What is the greatest common divisor of 1067 and 132?
11
What is the greatest common divisor of 160 and 5?
5
What is the highest common factor of 88 and 66?
22
What is the greatest common divisor of 39 and 69693?
39
What is the greatest common divisor of 9890 and 690?
230
What is the greatest common divisor of 62 and 496?
62
Calculate the greatest common divisor of 828 and 108.
36
Calculate the highest common factor of 1311 and 228.
57
What is the highest common factor of 189 and 336?
21
What is the highest common divisor of 352 and 110?
22
Calculate the highest common divisor of 128 and 176.
16
What is the highest common factor of 315 and 3255?
105
What is the highest common factor of 7 and 567?
7
Calculate the highest common factor of 189 and 315.
63
What is the greatest common factor of 26 and 4043?
13
What is the greatest common factor of 35 and 455?
35
Calculate the highest common factor of 1890 and 30.
30
What is the highest common factor of 2212 and 790?
158
What is the highest common factor of 324 and 138?
6
Calculate the highest common factor of 64 and 680.
8
What is the greatest common factor of 927 and 360?
9
Calculate the greatest common factor of 2 and 146.
2
Calculate the highest common factor of 162 and 468.
18
What is the greatest common divisor of 78 and 3237?
39
What is the greatest common divisor of 177 and 7375?
59
Calculate the greatest common factor of 83 and 27.
1
Calculate the greatest common divisor of 51 and 2703.
51
What is the highest common factor of 168 and 48?
24
Calculate the greatest common factor of 77 and 11.
11
Calculate the greatest common divisor of 65 and 52650.
65
Calculate the greatest common divisor of 41 and 6.
1
What is the highest common factor of 16775 and 1220?
305
What is the greatest common divisor of 6 and 66?
6
What is the greatest common factor of 84 and 2604?
84
Calculate the greatest common divisor of 10200 and 675.
75
Calculate the greatest common factor of 444 and 629.
37
Calculate the greatest common factor of 272 and 64.
16
What is the highest common factor of 101066 and 14?
14
What is the greatest common divisor of 54 and 1458?
54
What is the highest common divisor of 150 and 6?
6
Calculate the greatest common factor of 363 and 110.
11
Calculate the highest common divisor of 260 and 13.
13
Calculate the greatest common factor of 5206 and 19.
19
What is the highest common divisor of 3549 and 35?
7
What is the greatest common divisor of 824 and 328?
8
Calculate the highest common factor of 6731 and 212.
53
Calculate the greatest common factor of 341 and 121.
11
Calculate the greatest common factor of 611 and 141.
47
What is the highest common factor of 15 and 1605?
15
Calculate the highest common factor of 96 and 7968.
96
What is the highest common divisor of 4 and 5?
1
Calculate the highest common divisor of 82 and 1394.
82
Calculate the greatest common factor of 1320 and 270.
30
What is the greatest common divisor of 814 and 176?
22
Calculate the highest common divisor of 42 and 6342.
42
What is the highest common factor of 32640 and 136?
136
What is the highest common divisor of 30470 and 22?
22
What is the highest common divisor of 371 and 21?
7
Calculate the greatest common divisor of 13032 and 144.
72
Calculate the highest common divisor of 98 and 392.
98
Calculate the highest common divisor of 207 and 13869.
207
What is the greatest common factor of 5 and 1960?
5
What is the greatest common factor of 45 and 1110?
15
Calculate the highest common divisor of 36 and 2628.
36
What is the highest common factor of 783 and 18?
9
What is the greatest common factor of 25 and 925?
25
Calculate the highest common factor of 110 and 2365.
55
Calculate the greatest common factor of 15 and 12.
3
What is the greatest common factor of 858 and 66?
66
Calculate the greatest common factor of 435 and 696.
87
Calculate the greatest common factor of 605 and 55.
55
What is the highest common factor of 44 and 2068?
44
What is the highest common factor of 10033 and 158?
79
What is the greatest common factor of 126 and 15813?
63
What is the highest common divisor of 82 and 19229?
41
What is the highest common divisor of 22 and 1727?
11
What is the greatest common factor of 284 and 15762?
142
What is the greatest common factor of 568 and 8?
8
What is the greatest common divisor of 10016 and 32?
32
What is the greatest common factor of 216 and 3834?
54
Calculate the greatest common divisor of 96 and 224.
32
Calculate the greatest common divisor of 4 and 988.
4
Calculate the greatest common factor of 52 and 39.
13
What is the greatest common factor of 4 and 16?
4
Calculate the greatest common divisor of 110 and 1078.
22
Calculate the highest common divisor of 12 and 7284.
12
Calculate the greatest common divisor of 330 and 4470.
30
What is the greatest common factor of 510 and 90?
30
Calculate the greatest common factor of 23 and 851.
23
Calculate the highest common factor of 360 and 54